{"id":1090,"date":"2012-01-07T23:19:15","date_gmt":"2012-01-07T22:19:15","guid":{"rendered":"http:\/\/www.hsc1881.de\/blog\/?page_id=1090"},"modified":"2014-10-22T22:51:54","modified_gmt":"2014-10-22T20:51:54","slug":"18-hamburger-michel","status":"publish","type":"page","link":"https:\/\/hsc1881.de\/eiskunstlauf\/hamburger-michel\/18-hamburger-michel\/","title":{"rendered":"18. Hamburger Michel 2012"},"content":{"rendered":"<h3 style=\"text-align: center;\">Der 18. Hamburger Michel fand vom 6.-7.April 2012 in der Eishalle Farmsen statt.<\/h3>\n<h3 style=\"text-align: center;\">Wir bedanken uns bei allen G\u00e4sten, Sportlern, Eltern, Preisrichtern und Eissportfreunden f\u00fcr das Kommen und freuen uns schon auf das n\u00e4chste Jahr.<\/h3>\n<p>&nbsp;<\/p>\n<p style=\"text-align: center;\"><a href=\"http:\/\/www.hsc1881.de\/blog\/wp-content\/uploads\/2012\/01\/Logo-HH-Michel.jpg\"><img loading=\"lazy\" decoding=\"async\" title=\"Logo HH-Michel\" alt=\"\" src=\"http:\/\/www.hsc1881.de\/blog\/wp-content\/uploads\/2012\/01\/Logo-HH-Michel.jpg\" width=\"339\" height=\"339\" \/><\/a><\/p>\n<p>&nbsp;<\/p>\n<h3 style=\"text-align: center;\"><a href=\"http:\/\/www.hsc1881.de\/michel_2012\/\" target=\"_blank\"><span style=\"color: #0000ff;\">Ergebnisliste<\/span><\/a> des 18. Hamburger Michel 2012<\/h3>\n<p>&nbsp;<\/p>\n<h2 style=\"text-align: center;\">Unsere Sieger, 2. und 3. Platzierten 2012<\/h2>\n<p>&nbsp;<\/p>\n<table align=\"center\">\n<tbody>\n<tr>\n<td>ngg_shortcode_0_placeholder&nbsp;<\/td>\n<td><a>Sonja MARIMONT<\/a>,<br \/>\n1. Platz Breitensport 2001-2000<a>Noemi JADCZYK<\/a>,2. Platz Breitensport 1999-1997<a>Katharina HEINRICH<\/a>,1. Platz Erstlinge<a>Maria ROGOZINA<\/a>,2. Platz Erstlinge<a>Julia KURBANGULOV<\/a>,3. Platz Erstlinge<a>Marla ROLLIN<\/a>,3. Platz Anw\u00e4rter<a>Malu Chayenne HE\u00df<\/a>,1. Platz Showwettbewerb<a>Gudrun REITER<\/a>,1. Platz Adults Bronze Ladies IV<a>Coral ESPINOZA<\/a>,2. Platz Adults Silver Ladies I<a>Annegret BOHLER<\/a>,1. Platz Adults Gold Ladies I<a>Marina SANDMEIER<\/a>,1. Platz Artistic Ladies IV<a>Mariya DENYSOVA<\/a>,1. Platz Young Adults Bronce Ladies<a>Kathrin STANIURA<\/a>,1. Platz Young Adults Silver Ladies II<\/td>\n<\/tr>\n<\/tbody>\n<\/table>\n<p>&nbsp;<\/p>\n<p>&nbsp;<\/p>\n<p>&nbsp;<\/p>\n<p>&nbsp;<\/p>\n<p>&nbsp;<\/p>\n<p>&nbsp;<\/p>\n<p>&nbsp;<\/p>\n<p>&nbsp;<\/p>\n<p>&nbsp;<\/p>\n<p>&nbsp;<\/p>\n<table width=\"529\" align=\"center\">\n<tbody>\n<tr>\n<td><\/td>\n<td><\/td>\n<\/tr>\n<\/tbody>\n<\/table>\n","protected":false},"excerpt":{"rendered":"<p>Der 18. Hamburger Michel fand vom 6.-7.April 2012 in der Eishalle Farmsen statt. Wir bedanken uns bei allen G\u00e4sten, Sportlern, Eltern, Preisrichtern und Eissportfreunden f\u00fcr das Kommen und freuen uns schon auf das n\u00e4chste Jahr. &nbsp; &nbsp; Ergebnisliste des 18. Hamburger Michel 2012 &nbsp; Unsere Sieger, 2. und 3. Platzierten 2012 &nbsp; &nbsp; Sonja MARIMONT, [&hellip;]<\/p>\n","protected":false},"author":11,"featured_media":0,"parent":8,"menu_order":3,"comment_status":"closed","ping_status":"open","template":"page-c2right.php","meta":{"ngg_post_thumbnail":0,"footnotes":""},"class_list":["post-1090","page","type-page","status-publish","hentry"],"_links":{"self":[{"href":"https:\/\/hsc1881.de\/eiskunstlauf\/wp-json\/wp\/v2\/pages\/1090","targetHints":{"allow":["GET"]}}],"collection":[{"href":"https:\/\/hsc1881.de\/eiskunstlauf\/wp-json\/wp\/v2\/pages"}],"about":[{"href":"https:\/\/hsc1881.de\/eiskunstlauf\/wp-json\/wp\/v2\/types\/page"}],"author":[{"embeddable":true,"href":"https:\/\/hsc1881.de\/eiskunstlauf\/wp-json\/wp\/v2\/users\/11"}],"replies":[{"embeddable":true,"href":"https:\/\/hsc1881.de\/eiskunstlauf\/wp-json\/wp\/v2\/comments?post=1090"}],"version-history":[{"count":25,"href":"https:\/\/hsc1881.de\/eiskunstlauf\/wp-json\/wp\/v2\/pages\/1090\/revisions"}],"predecessor-version":[{"id":1108,"href":"https:\/\/hsc1881.de\/eiskunstlauf\/wp-json\/wp\/v2\/pages\/1090\/revisions\/1108"}],"up":[{"embeddable":true,"href":"https:\/\/hsc1881.de\/eiskunstlauf\/wp-json\/wp\/v2\/pages\/8"}],"wp:attachment":[{"href":"https:\/\/hsc1881.de\/eiskunstlauf\/wp-json\/wp\/v2\/media?parent=1090"}],"curies":[{"name":"wp","href":"https:\/\/api.w.org\/{rel}","templated":true}]}}