{"id":4046,"date":"2017-10-24T22:23:26","date_gmt":"2017-10-24T20:23:26","guid":{"rendered":"http:\/\/hsc1881.de\/eiskunstlauf\/?page_id=4046"},"modified":"2023-11-02T01:20:53","modified_gmt":"2023-11-02T00:20:53","slug":"kursanmeldung-fuer-mitglieder","status":"publish","type":"page","link":"https:\/\/hsc1881.de\/eiskunstlauf\/kursanmeldung-fuer-mitglieder\/","title":{"rendered":"Anmeldung zum Clubtraining"},"content":{"rendered":"<p>Unsere Trainer beraten Sie gerne, welches Training f\u00fcr Sie oder f\u00fcr Ihr Kind geeignet ist.<\/p>\n<p><b>Sie m\u00f6chten als HSC-Mitglied in der laufenden Saison ein Clubtraining buchen?<\/b><br \/>\nF\u00fcr die Anmeldung nutzen Sie bitte das Formular <a href=\"https:\/\/hsc1881.de\/eiskunstlauf\/wp-content\/uploads\/2023\/11\/HSC-Saisonverpflichtung.pdf\" target=\"_blank\" rel=\"noopener noreferrer\">HSC Saisonverpflichtung<\/a>.<br \/>\nBitte beachten Sie die <a href=\"https:\/\/hsc1881.de\/eiskunstlauf\/wp-content\/uploads\/2023\/11\/Datenschutzerklaerung-HSC.pdf\" target=\"_blank\" rel=\"noopener noreferrer\">Datenschutzerkl\u00e4rung des HSC<\/a>.<\/p>\n<p><b>Sie m\u00f6chten als Saisonmitglied des HSC in der laufenden Saison ein Clubtraining buchen?<\/b><br \/>\nF\u00fcr die Anmeldung nutzen Sie bitte dann das Formular <a href=\"https:\/\/hsc1881.de\/eiskunstlauf\/wp-content\/uploads\/2023\/11\/HSC-Kursbuchung-Clubtraining.pdf\" target=\"_blank\" rel=\"noopener noreferrer\">HSC Buchung Clubtraining<\/a>.<br \/>\nBitte beachten Sie die <a href=\"https:\/\/hsc1881.de\/eiskunstlauf\/wp-content\/uploads\/2023\/11\/Datenschutzerklaerung-HSC.pdf\" target=\"_blank\" rel=\"noopener noreferrer\">Datenschutzerkl\u00e4rung des HSC<\/a>.<\/p>\n<p><small>Zum Ausf\u00fcllen direkt auf dem Rechner speichern und z.B. mit dem Adobe Acrobat Reader \u00f6ffnen<\/small><\/p>\n","protected":false},"excerpt":{"rendered":"<p>Unsere Trainer beraten Sie gerne, welches Training f\u00fcr Sie oder f\u00fcr Ihr Kind geeignet ist. Sie m\u00f6chten als HSC-Mitglied in der laufenden Saison ein Clubtraining buchen? F\u00fcr die Anmeldung nutzen Sie bitte das Formular HSC Saisonverpflichtung. Bitte beachten Sie die Datenschutzerkl\u00e4rung des HSC. Sie m\u00f6chten als Saisonmitglied des HSC in der laufenden Saison ein Clubtraining [&hellip;]<\/p>\n","protected":false},"author":11,"featured_media":0,"parent":0,"menu_order":0,"comment_status":"closed","ping_status":"closed","template":"","meta":{"ngg_post_thumbnail":0,"footnotes":""},"class_list":["post-4046","page","type-page","status-publish","hentry"],"_links":{"self":[{"href":"https:\/\/hsc1881.de\/eiskunstlauf\/wp-json\/wp\/v2\/pages\/4046","targetHints":{"allow":["GET"]}}],"collection":[{"href":"https:\/\/hsc1881.de\/eiskunstlauf\/wp-json\/wp\/v2\/pages"}],"about":[{"href":"https:\/\/hsc1881.de\/eiskunstlauf\/wp-json\/wp\/v2\/types\/page"}],"author":[{"embeddable":true,"href":"https:\/\/hsc1881.de\/eiskunstlauf\/wp-json\/wp\/v2\/users\/11"}],"replies":[{"embeddable":true,"href":"https:\/\/hsc1881.de\/eiskunstlauf\/wp-json\/wp\/v2\/comments?post=4046"}],"version-history":[{"count":13,"href":"https:\/\/hsc1881.de\/eiskunstlauf\/wp-json\/wp\/v2\/pages\/4046\/revisions"}],"predecessor-version":[{"id":5508,"href":"https:\/\/hsc1881.de\/eiskunstlauf\/wp-json\/wp\/v2\/pages\/4046\/revisions\/5508"}],"wp:attachment":[{"href":"https:\/\/hsc1881.de\/eiskunstlauf\/wp-json\/wp\/v2\/media?parent=4046"}],"curies":[{"name":"wp","href":"https:\/\/api.w.org\/{rel}","templated":true}]}}