{"id":5071,"date":"2019-09-17T23:37:13","date_gmt":"2019-09-17T21:37:13","guid":{"rendered":"http:\/\/hsc1881.de\/eiskunstlauf\/?page_id=5071"},"modified":"2020-02-01T15:30:16","modified_gmt":"2020-02-01T14:30:16","slug":"termine-fuer-die-saison-2019-2020","status":"publish","type":"page","link":"https:\/\/hsc1881.de\/eiskunstlauf\/termine-fuer-die-saison-2019-2020\/","title":{"rendered":"Termine f\u00fcr die Saison 2019\/2020"},"content":{"rendered":"<table>\n<tbody>\n<tr>\n<th>Wettbewerb<\/th>\n<th>Datum<\/th>\n<th>Ort<\/th>\n<\/tr>\n<tr>\n<td>Ruhr Cup Essen 2019<\/td>\n<td>04.-06.10.2019<\/td>\n<td>Eissporthalle Essen<\/td>\n<\/tr>\n<tr>\n<td>Zwingerpokal 2019<\/td>\n<td>18.-20.10.2019<\/td>\n<td>EnergieVerbund Arena (Eissporthalle) Dresden<\/td>\n<\/tr>\n<tr>\n<td>Westfalen Cup 2019<\/td>\n<td>18.-20.10.2019<\/td>\n<td>Eissportzentrum Westfalen Dortmund<\/td>\n<\/tr>\n<tr>\n<td>Offene Th\u00fcringer Meisterschaften 2019<\/td>\n<td>08.-10.11.2019<\/td>\n<td>Eissportzentrum Erfurt<\/td>\n<\/tr>\n<tr>\n<td>14th DVTK &#8211; Eastern Hungary Cup<\/td>\n<td>08.-10.11.2019<\/td>\n<td>Miskolc, Hungary<\/td>\n<\/tr>\n<tr>\n<td>Eisemann-Pokal 2019<\/td>\n<td>16.-17.11.2019<\/td>\n<td>Eissportzentrum &#8211; Eiswelt, Stuttgart<\/td>\n<\/tr>\n<tr>\n<td>Norddeutscher K\u00fcrwettbewerb 2019\/2020<\/td>\n<td>30.11.2019<\/td>\n<td>Hus de groot EisArena Mellendorf<\/td>\n<\/tr>\n<tr>\n<td>7th City of Light Trophy<\/td>\n<td>30.11.-01.12.2019<\/td>\n<td>Ice Sport Centre Eindhoven, Netherlands<\/td>\n<\/tr>\n<tr>\n<td><a href=\"https:\/\/lev-sachsen-anhalt.de\/so-lief-der-hall-kristall-cup-2019\" target=\"_blank\" rel=\"noopener noreferrer\">HALL-KRISTALL-CUP 2019<\/a><\/td>\n<td>07.-08.12.2019<\/td>\n<td>Sparkasseneisdom Halle<\/td>\n<\/tr>\n<tr>\n<td>Offene S\u00e4chsische Meisterschaften 2020<\/td>\n<td>17.-19.01.2020<\/td>\n<td>Trainingshalle Chemnitz<\/td>\n<\/tr>\n<tr>\n<td><a href=\"http:\/\/schlittschuhclub-krefeld.de\/veranstaltungen\/willi-muenstermann-pokal\/\" target=\"_blank\" rel=\"noopener noreferrer\">26. Willi-M\u00fcnstermann-Pokal 2020 und 1. Willi-M\u00fcnstermann-Medaille 2020<\/a><\/td>\n<td>25.-26.01.2020<\/td>\n<td>St\u00e4dt. Eishallen Krefeld<\/td>\n<\/tr>\n<tr>\n<td><a href=\"https:\/\/www.kunstschaatsclubhasselt.be\/ice-talent-trophy\/\" target=\"_blank\" rel=\"noopener noreferrer\">Ice Talent Trophy 2020<\/a><\/td>\n<td>31.01.-01.02.2020<\/td>\n<td>Sport Vlaanderen ijsbaan, Hasselt, Belgium<\/td>\n<\/tr>\n<tr>\n<td><a href=\"http:\/\/heikofischerpokal.de\/\" target=\"_blank\" rel=\"noopener noreferrer\">Heiko Fischer Trophy 2020<\/a><\/td>\n<td>14.-16.02.2020<\/td>\n<td>Eiswelt Stuttgart<\/td>\n<\/tr>\n<tr>\n<td><a href=\"https:\/\/kek-koeln.de\/eiskunstlauf\/dom-pokal\/\" target=\"_blank\" rel=\"noopener noreferrer\">DOM-Pokal 2020<\/a><\/td>\n<td>13.-15.3.2020<\/td>\n<td>Lentpark, K\u00f6ln<\/td>\n<\/tr>\n<tr>\n<td><a href=\"https:\/\/hsc1881.de\/eiskunstlauf\/26-hamburger-michel-2020\/\">26. Hamburger Michel 2020<\/a><\/td>\n<td>04.-05.04.2020<\/td>\n<td>Eisland Farmsen, Hamburg<\/td>\n<\/tr>\n<tr>\n<td colspan=\"3\">weitere Wettbewerbe sind auf der Seite der <a href=\"https:\/\/www.eislauf-union.de\/events\/event-kalender\/year.listevents\/2020\/12\/27\/-?jsn_mobilize_preview=668\" target=\"_blank\" rel=\"noopener noreferrer\">DEU<\/a> zu finden!<\/td>\n<\/tr>\n<\/tbody>\n<\/table>\n<p><small><u>Rechtlicher Hinweis:<\/u> Der HSC \u00fcbernimmt f\u00fcr oben genannten Termine keine Gew\u00e4hr.<\/small><\/p>\n","protected":false},"excerpt":{"rendered":"<p>Wettbewerb Datum Ort Ruhr Cup Essen 2019 04.-06.10.2019 Eissporthalle Essen Zwingerpokal 2019 18.-20.10.2019 EnergieVerbund Arena (Eissporthalle) Dresden Westfalen Cup 2019 18.-20.10.2019 Eissportzentrum Westfalen Dortmund Offene Th\u00fcringer Meisterschaften 2019 08.-10.11.2019 Eissportzentrum Erfurt 14th DVTK &#8211; Eastern Hungary Cup 08.-10.11.2019 Miskolc, Hungary Eisemann-Pokal 2019 16.-17.11.2019 Eissportzentrum &#8211; Eiswelt, Stuttgart Norddeutscher K\u00fcrwettbewerb 2019\/2020 30.11.2019 Hus de groot EisArena [&hellip;]<\/p>\n","protected":false},"author":11,"featured_media":0,"parent":0,"menu_order":0,"comment_status":"closed","ping_status":"closed","template":"","meta":{"ngg_post_thumbnail":0,"footnotes":""},"class_list":["post-5071","page","type-page","status-publish","hentry"],"_links":{"self":[{"href":"https:\/\/hsc1881.de\/eiskunstlauf\/wp-json\/wp\/v2\/pages\/5071","targetHints":{"allow":["GET"]}}],"collection":[{"href":"https:\/\/hsc1881.de\/eiskunstlauf\/wp-json\/wp\/v2\/pages"}],"about":[{"href":"https:\/\/hsc1881.de\/eiskunstlauf\/wp-json\/wp\/v2\/types\/page"}],"author":[{"embeddable":true,"href":"https:\/\/hsc1881.de\/eiskunstlauf\/wp-json\/wp\/v2\/users\/11"}],"replies":[{"embeddable":true,"href":"https:\/\/hsc1881.de\/eiskunstlauf\/wp-json\/wp\/v2\/comments?post=5071"}],"version-history":[{"count":19,"href":"https:\/\/hsc1881.de\/eiskunstlauf\/wp-json\/wp\/v2\/pages\/5071\/revisions"}],"predecessor-version":[{"id":5183,"href":"https:\/\/hsc1881.de\/eiskunstlauf\/wp-json\/wp\/v2\/pages\/5071\/revisions\/5183"}],"wp:attachment":[{"href":"https:\/\/hsc1881.de\/eiskunstlauf\/wp-json\/wp\/v2\/media?parent=5071"}],"curies":[{"name":"wp","href":"https:\/\/api.w.org\/{rel}","templated":true}]}}